{"id":17089,"date":"2021-10-28T01:29:44","date_gmt":"2021-10-27T23:29:44","guid":{"rendered":"http:\/\/villagesdecaractereduvar.fr\/events\/festival-de-quatuors-a-cordes-du-pays-de-fayence-2\/"},"modified":"2022-09-18T01:30:00","modified_gmt":"2022-09-17T23:30:00","slug":"festival-de-quatuors-a-cordes-du-pays-de-fayence-2","status":"publish","type":"ajde_events","link":"https:\/\/villagesdecaractereduvar.fr\/en\/events\/festival-de-quatuors-a-cordes-du-pays-de-fayence-2\/","title":{"rendered":"Festival de Quatuors \u00e0 Cordes du Pays de Fayence"},"content":{"rendered":"<p>En marge de concerts exceptionnels privil\u00e9giant les rencontres avec les musiciens, le public d\u00e9couvre un patrimoine architectural remarquable. Le Festival de Quatuors \u00e0 Cordes en Pays de Fayence a acquis un degr\u00e9 de notori\u00e9t\u00e9 qui le place parmi les grands festivals europ\u00e9ens de musique de chambre gr\u00e2ce \u00e0 la qualit\u00e9 et \u00e0 la renomm\u00e9e internationale des quatuors qui y sont invit\u00e9s.<\/p>\n<p>La programmation de cette 34\u00e8me \u00e9dition r\u00e9alis\u00e9e par le violoncelliste Fr\u00e9d\u00e9ric Audibert est d\u2019avantage une mise en avant des artistes que des compositeurs. L\u2019objectif est d\u2019offrir au public un panel de personnalit\u00e9s et de styles d\u2019interpr\u00e9tation vari\u00e9s.<\/p>\n<p>Programme 2022 :<br \/>\nJeudi 15 \u00e0 19h30, Eglise de Tourrettes : Quatuor Leonkoro<br \/>\nVendredi 16 \u00e0 20h30 : Eglise de Callian : Quatuor J\u00e9rusalem<br \/>\nSamedi 17 \u00e0 11h30 : Eglise de Fayence : Concert en Apart\u00e9<br \/>\n                  \u00e0 16h00: Eglise de Mons : Quatuor Tchalik<br \/>\n                  \u00e0 21h00: Eglise de Seillans : Trio Sepec et Klaus Mertens<br \/>\nDimanche 18 \u00e0 15h00 : Chapelle Saint-Denis : Concert en Apart\u00e9<br \/>\n                      \u00e0 17h00 : Eglise de Fayence : Quatuor Quiroga et Veronika Hagen<\/p>\n","protected":false},"author":1,"featured_media":0,"menu_order":0,"comment_status":"closed","ping_status":"closed","template":"","meta":[],"tags":[],"event_type":[801],"event_type_2":[],"yoast_head":"<!-- This site is optimized with the Yoast SEO plugin v24.5 - https:\/\/yoast.com\/wordpress\/plugins\/seo\/ -->\n<title>Festival de Quatuors \u00e0 Cordes du Pays de Fayence - Villages de Caract\u00e8re du Var<\/title>\n<meta name=\"robots\" content=\"index, follow, max-snippet:-1, max-image-preview:large, max-video-preview:-1\" \/>\n<link rel=\"canonical\" href=\"https:\/\/villagesdecaractereduvar.fr\/en\/events\/festival-de-quatuors-a-cordes-du-pays-de-fayence-2\/\" \/>\n<meta property=\"og:locale\" content=\"en_US\" \/>\n<meta property=\"og:type\" content=\"article\" \/>\n<meta property=\"og:title\" content=\"Festival de Quatuors \u00e0 Cordes du Pays de Fayence - Villages de Caract\u00e8re du Var\" \/>\n<meta property=\"og:description\" content=\"En marge de concerts exceptionnels privil\u00e9giant les rencontres avec les musiciens, le public d\u00e9couvre un patrimoine architectural remarquable. Le Festival de Quatuors \u00e0 Cordes en Pays de Fayence a acquis un degr\u00e9 de...\" \/>\n<meta property=\"og:url\" content=\"https:\/\/villagesdecaractereduvar.fr\/en\/events\/festival-de-quatuors-a-cordes-du-pays-de-fayence-2\/\" \/>\n<meta property=\"og:site_name\" content=\"Villages de Caract\u00e8re du Var\" \/>\n<meta property=\"article:modified_time\" content=\"2022-09-17T23:30:00+00:00\" \/>\n<meta name=\"twitter:card\" content=\"summary_large_image\" \/>\n<meta name=\"twitter:label1\" content=\"Est. reading time\" \/>\n\t<meta name=\"twitter:data1\" content=\"1 minute\" \/>\n<script type=\"application\/ld+json\" class=\"yoast-schema-graph\">{\"@context\":\"https:\/\/schema.org\",\"@graph\":[{\"@type\":\"WebPage\",\"@id\":\"https:\/\/villagesdecaractereduvar.fr\/en\/events\/festival-de-quatuors-a-cordes-du-pays-de-fayence-2\/\",\"url\":\"https:\/\/villagesdecaractereduvar.fr\/en\/events\/festival-de-quatuors-a-cordes-du-pays-de-fayence-2\/\",\"name\":\"Festival de Quatuors \u00e0 Cordes du Pays de Fayence - Villages de Caract\u00e8re du Var\",\"isPartOf\":{\"@id\":\"https:\/\/villagesdecaractereduvar.fr\/#website\"},\"datePublished\":\"2021-10-27T23:29:44+00:00\",\"dateModified\":\"2022-09-17T23:30:00+00:00\",\"breadcrumb\":{\"@id\":\"https:\/\/villagesdecaractereduvar.fr\/en\/events\/festival-de-quatuors-a-cordes-du-pays-de-fayence-2\/#breadcrumb\"},\"inLanguage\":\"en-US\",\"potentialAction\":[{\"@type\":\"ReadAction\",\"target\":[\"https:\/\/villagesdecaractereduvar.fr\/en\/events\/festival-de-quatuors-a-cordes-du-pays-de-fayence-2\/\"]}]},{\"@type\":\"BreadcrumbList\",\"@id\":\"https:\/\/villagesdecaractereduvar.fr\/en\/events\/festival-de-quatuors-a-cordes-du-pays-de-fayence-2\/#breadcrumb\",\"itemListElement\":[{\"@type\":\"ListItem\",\"position\":1,\"name\":\"Accueil\",\"item\":\"https:\/\/villagesdecaractereduvar.fr\/en\/\"},{\"@type\":\"ListItem\",\"position\":2,\"name\":\"Agenda\",\"item\":\"https:\/\/villagesdecaractereduvar.fr\/en\/events\/\"},{\"@type\":\"ListItem\",\"position\":3,\"name\":\"Festival de Quatuors \u00e0 Cordes du Pays de Fayence\"}]},{\"@type\":\"WebSite\",\"@id\":\"https:\/\/villagesdecaractereduvar.fr\/#website\",\"url\":\"https:\/\/villagesdecaractereduvar.fr\/\",\"name\":\"Villages de Caract\u00e8re du Var\",\"description\":\"\",\"publisher\":{\"@id\":\"https:\/\/villagesdecaractereduvar.fr\/#organization\"},\"potentialAction\":[{\"@type\":\"SearchAction\",\"target\":{\"@type\":\"EntryPoint\",\"urlTemplate\":\"https:\/\/villagesdecaractereduvar.fr\/?s={search_term_string}\"},\"query-input\":{\"@type\":\"PropertyValueSpecification\",\"valueRequired\":true,\"valueName\":\"search_term_string\"}}],\"inLanguage\":\"en-US\"},{\"@type\":\"Organization\",\"@id\":\"https:\/\/villagesdecaractereduvar.fr\/#organization\",\"name\":\"Villages de Caract\u00e8re du Var\",\"url\":\"https:\/\/villagesdecaractereduvar.fr\/\",\"logo\":{\"@type\":\"ImageObject\",\"inLanguage\":\"en-US\",\"@id\":\"https:\/\/villagesdecaractereduvar.fr\/#\/schema\/logo\/image\/\",\"url\":\"https:\/\/villagesdecaractereduvar.fr\/wp-content\/uploads\/2016\/07\/vdc83-logo.jpg\",\"contentUrl\":\"https:\/\/villagesdecaractereduvar.fr\/wp-content\/uploads\/2016\/07\/vdc83-logo.jpg\",\"width\":230,\"height\":90,\"caption\":\"Villages de Caract\u00e8re du Var\"},\"image\":{\"@id\":\"https:\/\/villagesdecaractereduvar.fr\/#\/schema\/logo\/image\/\"}}]}<\/script>\n<!-- \/ Yoast SEO plugin. -->","yoast_head_json":{"title":"Festival de Quatuors \u00e0 Cordes du Pays de Fayence - Villages de Caract\u00e8re du Var","robots":{"index":"index","follow":"follow","max-snippet":"max-snippet:-1","max-image-preview":"max-image-preview:large","max-video-preview":"max-video-preview:-1"},"canonical":"https:\/\/villagesdecaractereduvar.fr\/en\/events\/festival-de-quatuors-a-cordes-du-pays-de-fayence-2\/","og_locale":"en_US","og_type":"article","og_title":"Festival de Quatuors \u00e0 Cordes du Pays de Fayence - Villages de Caract\u00e8re du Var","og_description":"En marge de concerts exceptionnels privil\u00e9giant les rencontres avec les musiciens, le public d\u00e9couvre un patrimoine architectural remarquable. Le Festival de Quatuors \u00e0 Cordes en Pays de Fayence a acquis un degr\u00e9 de...","og_url":"https:\/\/villagesdecaractereduvar.fr\/en\/events\/festival-de-quatuors-a-cordes-du-pays-de-fayence-2\/","og_site_name":"Villages de Caract\u00e8re du Var","article_modified_time":"2022-09-17T23:30:00+00:00","twitter_card":"summary_large_image","twitter_misc":{"Est. reading time":"1 minute"},"schema":{"@context":"https:\/\/schema.org","@graph":[{"@type":"WebPage","@id":"https:\/\/villagesdecaractereduvar.fr\/en\/events\/festival-de-quatuors-a-cordes-du-pays-de-fayence-2\/","url":"https:\/\/villagesdecaractereduvar.fr\/en\/events\/festival-de-quatuors-a-cordes-du-pays-de-fayence-2\/","name":"Festival de Quatuors \u00e0 Cordes du Pays de Fayence - Villages de Caract\u00e8re du Var","isPartOf":{"@id":"https:\/\/villagesdecaractereduvar.fr\/#website"},"datePublished":"2021-10-27T23:29:44+00:00","dateModified":"2022-09-17T23:30:00+00:00","breadcrumb":{"@id":"https:\/\/villagesdecaractereduvar.fr\/en\/events\/festival-de-quatuors-a-cordes-du-pays-de-fayence-2\/#breadcrumb"},"inLanguage":"en-US","potentialAction":[{"@type":"ReadAction","target":["https:\/\/villagesdecaractereduvar.fr\/en\/events\/festival-de-quatuors-a-cordes-du-pays-de-fayence-2\/"]}]},{"@type":"BreadcrumbList","@id":"https:\/\/villagesdecaractereduvar.fr\/en\/events\/festival-de-quatuors-a-cordes-du-pays-de-fayence-2\/#breadcrumb","itemListElement":[{"@type":"ListItem","position":1,"name":"Accueil","item":"https:\/\/villagesdecaractereduvar.fr\/en\/"},{"@type":"ListItem","position":2,"name":"Agenda","item":"https:\/\/villagesdecaractereduvar.fr\/en\/events\/"},{"@type":"ListItem","position":3,"name":"Festival de Quatuors \u00e0 Cordes du Pays de Fayence"}]},{"@type":"WebSite","@id":"https:\/\/villagesdecaractereduvar.fr\/#website","url":"https:\/\/villagesdecaractereduvar.fr\/","name":"Villages de Caract\u00e8re du Var","description":"","publisher":{"@id":"https:\/\/villagesdecaractereduvar.fr\/#organization"},"potentialAction":[{"@type":"SearchAction","target":{"@type":"EntryPoint","urlTemplate":"https:\/\/villagesdecaractereduvar.fr\/?s={search_term_string}"},"query-input":{"@type":"PropertyValueSpecification","valueRequired":true,"valueName":"search_term_string"}}],"inLanguage":"en-US"},{"@type":"Organization","@id":"https:\/\/villagesdecaractereduvar.fr\/#organization","name":"Villages de Caract\u00e8re du Var","url":"https:\/\/villagesdecaractereduvar.fr\/","logo":{"@type":"ImageObject","inLanguage":"en-US","@id":"https:\/\/villagesdecaractereduvar.fr\/#\/schema\/logo\/image\/","url":"https:\/\/villagesdecaractereduvar.fr\/wp-content\/uploads\/2016\/07\/vdc83-logo.jpg","contentUrl":"https:\/\/villagesdecaractereduvar.fr\/wp-content\/uploads\/2016\/07\/vdc83-logo.jpg","width":230,"height":90,"caption":"Villages de Caract\u00e8re du Var"},"image":{"@id":"https:\/\/villagesdecaractereduvar.fr\/#\/schema\/logo\/image\/"}}]}},"jetpack_sharing_enabled":true,"_links":{"self":[{"href":"https:\/\/villagesdecaractereduvar.fr\/en\/wp-json\/wp\/v2\/ajde_events\/17089"}],"collection":[{"href":"https:\/\/villagesdecaractereduvar.fr\/en\/wp-json\/wp\/v2\/ajde_events"}],"about":[{"href":"https:\/\/villagesdecaractereduvar.fr\/en\/wp-json\/wp\/v2\/types\/ajde_events"}],"author":[{"embeddable":true,"href":"https:\/\/villagesdecaractereduvar.fr\/en\/wp-json\/wp\/v2\/users\/1"}],"replies":[{"embeddable":true,"href":"https:\/\/villagesdecaractereduvar.fr\/en\/wp-json\/wp\/v2\/comments?post=17089"}],"wp:attachment":[{"href":"https:\/\/villagesdecaractereduvar.fr\/en\/wp-json\/wp\/v2\/media?parent=17089"}],"wp:term":[{"taxonomy":"post_tag","embeddable":true,"href":"https:\/\/villagesdecaractereduvar.fr\/en\/wp-json\/wp\/v2\/tags?post=17089"},{"taxonomy":"event_type","embeddable":true,"href":"https:\/\/villagesdecaractereduvar.fr\/en\/wp-json\/wp\/v2\/event_type?post=17089"},{"taxonomy":"event_type_2","embeddable":true,"href":"https:\/\/villagesdecaractereduvar.fr\/en\/wp-json\/wp\/v2\/event_type_2?post=17089"}],"curies":[{"name":"wp","href":"https:\/\/api.w.org\/{rel}","templated":true}]}}

Festival de Quatuors à Cordes du Pays de Fayence

<p>En marge de concerts exceptionnels privilégiant les rencontres avec les musiciens, le public découvre un patrimoine architectural remarquable. Le Festival de Quatuors à Cordes en Pays de Fayence a acquis un degré de notoriété qui le place parmi les grands festivals européens de musique de chambre grâce à la qualité et à la renommée internationale des quatuors qui y sont invités.</p>
<p>La programmation de cette 34ème édition réalisée par le violoncelliste Frédéric Audibert est d’avantage une mise en avant des artistes que des compositeurs. L’objectif est d’offrir au public un panel de personnalités et de styles d’interprétation variés.</p>
<p>Programme 2022 :<br />
Jeudi 15 à 19h30, Eglise de Tourrettes : Quatuor Leonkoro<br />
Vendredi 16 à 20h30 : Eglise de Callian : Quatuor Jérusalem<br />
Samedi 17 à 11h30 : Eglise de Fayence : Concert en Aparté<br />
                  à 16h00: Eglise de Mons : Quatuor Tchalik<br />
                  à 21h00: Eglise de Seillans : Trio Sepec et Klaus Mertens<br />
Dimanche 18 à 15h00 : Chapelle Saint-Denis : Concert en Aparté<br />
                      à 17h00 : Eglise de Fayence : Quatuor Quiroga et Veronika Hagen</p>

<!-- This site is optimized with the Yoast SEO plugin v24.5 - https://yoast.com/wordpress/plugins/seo/ -->
<title>Festival de Quatuors à Cordes du Pays de Fayence - Villages de Caractère du Var</title>
<meta name="robots" content="index, follow, max-snippet:-1, max-image-preview:large, max-video-preview:-1" />
<link rel="canonical" href="https://villagesdecaractereduvar.fr/en/events/festival-de-quatuors-a-cordes-du-pays-de-fayence-2/" />
<meta property="og:locale" content="en_US" />
<meta property="og:type" content="article" />
<meta property="og:title" content="Festival de Quatuors à Cordes du Pays de Fayence - Villages de Caractère du Var" />
<meta property="og:description" content="En marge de concerts exceptionnels privilégiant les rencontres avec les musiciens, le public découvre un patrimoine architectural remarquable. Le Festival de Quatuors à Cordes en Pays de Fayence a acquis un degré de..." />
<meta property="og:url" content="https://villagesdecaractereduvar.fr/en/events/festival-de-quatuors-a-cordes-du-pays-de-fayence-2/" />
<meta property="og:site_name" content="Villages de Caractère du Var" />
<meta property="article:modified_time" content="2022-09-17T23:30:00+00:00" />
<meta name="twitter:card" content="summary_large_image" />
<meta name="twitter:label1" content="Est. reading time" />
	<meta name="twitter:data1" content="1 minute" />
<script type="application/ld+json" class="yoast-schema-graph">{"@context":"https://schema.org","@graph":[{"@type":"WebPage","@id":"https://villagesdecaractereduvar.fr/en/events/festival-de-quatuors-a-cordes-du-pays-de-fayence-2/","url":"https://villagesdecaractereduvar.fr/en/events/festival-de-quatuors-a-cordes-du-pays-de-fayence-2/","name":"Festival de Quatuors à Cordes du Pays de Fayence - Villages de Caractère du Var","isPartOf":{"@id":"https://villagesdecaractereduvar.fr/#website"},"datePublished":"2021-10-27T23:29:44+00:00","dateModified":"2022-09-17T23:30:00+00:00","breadcrumb":{"@id":"https://villagesdecaractereduvar.fr/en/events/festival-de-quatuors-a-cordes-du-pays-de-fayence-2/#breadcrumb"},"inLanguage":"en-US","potentialAction":[{"@type":"ReadAction","target":["https://villagesdecaractereduvar.fr/en/events/festival-de-quatuors-a-cordes-du-pays-de-fayence-2/"]}]},{"@type":"BreadcrumbList","@id":"https://villagesdecaractereduvar.fr/en/events/festival-de-quatuors-a-cordes-du-pays-de-fayence-2/#breadcrumb","itemListElement":[{"@type":"ListItem","position":1,"name":"Accueil","item":"https://villagesdecaractereduvar.fr/en/"},{"@type":"ListItem","position":2,"name":"Agenda","item":"https://villagesdecaractereduvar.fr/en/events/"},{"@type":"ListItem","position":3,"name":"Festival de Quatuors à Cordes du Pays de Fayence"}]},{"@type":"WebSite","@id":"https://villagesdecaractereduvar.fr/#website","url":"https://villagesdecaractereduvar.fr/","name":"Villages de Caractère du Var","description":"","publisher":{"@id":"https://villagesdecaractereduvar.fr/#organization"},"potentialAction":[{"@type":"SearchAction","target":{"@type":"EntryPoint","urlTemplate":"https://villagesdecaractereduvar.fr/?s={search_term_string}"},"query-input":{"@type":"PropertyValueSpecification","valueRequired":true,"valueName":"search_term_string"}}],"inLanguage":"en-US"},{"@type":"Organization","@id":"https://villagesdecaractereduvar.fr/#organization","name":"Villages de Caractère du Var","url":"https://villagesdecaractereduvar.fr/","logo":{"@type":"ImageObject","inLanguage":"en-US","@id":"https://villagesdecaractereduvar.fr/#/schema/logo/image/","url":"https://villagesdecaractereduvar.fr/wp-content/uploads/2016/07/vdc83-logo.jpg","contentUrl":"https://villagesdecaractereduvar.fr/wp-content/uploads/2016/07/vdc83-logo.jpg","width":230,"height":90,"caption":"Villages de Caractère du Var"},"image":{"@id":"https://villagesdecaractereduvar.fr/#/schema/logo/image/"}}]}</script>
<!-- / Yoast SEO plugin. -->

Festival de Quatuors à Cordes du Pays de Fayence - Villages de Caractère du Var

En marge de concerts exceptionnels privilégiant les rencontres avec les musiciens, le public découvre un patrimoine architectural remarquable. Le Festival de Quatuors à Cordes en Pays de Fayence a acquis un degré de...

Villages de Caractère du Var
