{"id":10297,"date":"2018-05-25T01:29:19","date_gmt":"2018-05-24T23:29:19","guid":{"rendered":"http:\/\/villagesdecaractereduvar.fr\/events\/bounestival-2\/"},"modified":"2018-05-30T01:34:24","modified_gmt":"2018-05-29T23:34:24","slug":"bounestival-2","status":"publish","type":"ajde_events","link":"https:\/\/villagesdecaractereduvar.fr\/en\/events\/bounestival-2\/","title":{"rendered":"BounEstival"},"content":{"rendered":"<p>Th\u00e9\u00e2tre de rue, musique, contes, cirque, jeune public, autant de formes artistiques propos\u00e9es dans des lieux insolites devant un public toujours plus nombreux.<\/p>\n<p>Boun&#8217;Estival #12<br \/>\nDemandez le programme !<\/p>\n<p>8 Juin \u2013 Aups \u2013 Boun&#8217; \u00e0 la rue \u2013 \u00e0 partir de 19h30<br \/>\nLe conte du petit bois pourri &#8211; Cathy Heiting &amp; the Groove Menestrels<br \/>\nConte musical pour adultes sur l&#8217;amour et l&#8217;int\u00e9grit\u00e9 psychique<br \/>\nBe fioul \u2013 L&#8217;agonie du palmier<br \/>\nspectacle d\u00e9cal\u00e9 pour zonards d\u00e9rout\u00e9s<\/p>\n<p>9 Juin \u2013 Bauduen,village \u2013 Boun&#8217; en musique \u2013 \u00e0 partir de 18h<br \/>\nAfrimaye \u2013 chants afro-carib\u00e9ens<br \/>\nLes fr\u00e8res Scopitone \u2013 caravane Juk&#8217;box<br \/>\nCoup\u00e9 D\u00e9cal\u00e9 \u2013 Cie les Z&#8217;airs en Zik \u2013 duo sportif de lancer de couteaux<br \/>\nValientes Gracias \u2013 musique afro-colombienne festive et percutante<br \/>\nRadio Babel Marseille \u2013 Groove vocal voyageur<br \/>\nDJ&#8217; Papa Jo&#8217; et sa disco mobile<\/p>\n<p>10 Juin \u2013 Bauduen, Bounas \u2013 Boun&#8217; en campagne \u2013 \u00e0 partir de 11h<br \/>\nL&#8217;histoire d&#8217;une mouette et du chat qui lui apprit \u00e0 voler \u2013 Cie La Bouillonnante \u2013 spectacle jeune public<br \/>\nLes Fr\u00e8res Scopitone \u2013 caravane Juk&#8217;box<br \/>\nCoup\u00e9 D\u00e9cal\u00e9 \u2013 Cie les Z&#8217;airs en Zik \u2013 duo sportif de lancer de couteaux<br \/>\nBabel Bu\u00ebch Madam&#8217; \u2013 Musique inactuelle du monde<br \/>\nL&#8217;Ouscrapo &#8211; OUvroir de SCRAbblologie Po\u00e9tique<br \/>\nWe are Instruments \u2013 Cie D\u00e9caleou \u2013 percussions corporelle<br \/>\nLa boum du Boun&#8217; avec Papa Jo&#8217;<\/p>\n<p>Buvette et petite restauration sur place (repas partag\u00e9 le dimanche)<br \/>\ninfos : www.leplancherdesch\u00e8vres.fr \u2013 06.79.66.80.06<br \/>\nP.A.F : 10\u20ac vendredi et dimanche \/ 12\u20ac samedi \/ 25\u20ac pass festival<\/p>\n","protected":false},"author":1,"featured_media":0,"menu_order":0,"comment_status":"closed","ping_status":"closed","template":"","meta":[],"tags":[],"event_type":[465],"event_type_2":[],"yoast_head":"<!-- This site is optimized with the Yoast SEO plugin v24.5 - https:\/\/yoast.com\/wordpress\/plugins\/seo\/ -->\n<title>BounEstival - Villages de Caract\u00e8re du Var<\/title>\n<meta name=\"robots\" content=\"index, follow, max-snippet:-1, max-image-preview:large, max-video-preview:-1\" \/>\n<link rel=\"canonical\" href=\"https:\/\/villagesdecaractereduvar.fr\/en\/events\/bounestival-2\/\" \/>\n<meta property=\"og:locale\" content=\"en_US\" \/>\n<meta property=\"og:type\" content=\"article\" \/>\n<meta property=\"og:title\" content=\"BounEstival - Villages de Caract\u00e8re du Var\" \/>\n<meta property=\"og:description\" content=\"Th\u00e9\u00e2tre de rue, musique, contes, cirque, jeune public, autant de formes artistiques propos\u00e9es dans des lieux insolites devant un public toujours plus nombreux. Boun&#8217;Estival #12 Demandez le programme ! 8 Juin \u2013 Aups...\" \/>\n<meta property=\"og:url\" content=\"https:\/\/villagesdecaractereduvar.fr\/en\/events\/bounestival-2\/\" \/>\n<meta property=\"og:site_name\" content=\"Villages de Caract\u00e8re du Var\" \/>\n<meta property=\"article:modified_time\" content=\"2018-05-29T23:34:24+00:00\" \/>\n<meta name=\"twitter:card\" content=\"summary_large_image\" \/>\n<meta name=\"twitter:label1\" content=\"Est. reading time\" \/>\n\t<meta name=\"twitter:data1\" content=\"1 minute\" \/>\n<script type=\"application\/ld+json\" class=\"yoast-schema-graph\">{\"@context\":\"https:\/\/schema.org\",\"@graph\":[{\"@type\":\"WebPage\",\"@id\":\"https:\/\/villagesdecaractereduvar.fr\/en\/events\/bounestival-2\/\",\"url\":\"https:\/\/villagesdecaractereduvar.fr\/en\/events\/bounestival-2\/\",\"name\":\"BounEstival - Villages de Caract\u00e8re du Var\",\"isPartOf\":{\"@id\":\"https:\/\/villagesdecaractereduvar.fr\/#website\"},\"datePublished\":\"2018-05-24T23:29:19+00:00\",\"dateModified\":\"2018-05-29T23:34:24+00:00\",\"breadcrumb\":{\"@id\":\"https:\/\/villagesdecaractereduvar.fr\/en\/events\/bounestival-2\/#breadcrumb\"},\"inLanguage\":\"en-US\",\"potentialAction\":[{\"@type\":\"ReadAction\",\"target\":[\"https:\/\/villagesdecaractereduvar.fr\/en\/events\/bounestival-2\/\"]}]},{\"@type\":\"BreadcrumbList\",\"@id\":\"https:\/\/villagesdecaractereduvar.fr\/en\/events\/bounestival-2\/#breadcrumb\",\"itemListElement\":[{\"@type\":\"ListItem\",\"position\":1,\"name\":\"Accueil\",\"item\":\"https:\/\/villagesdecaractereduvar.fr\/en\/\"},{\"@type\":\"ListItem\",\"position\":2,\"name\":\"Agenda\",\"item\":\"https:\/\/villagesdecaractereduvar.fr\/en\/events\/\"},{\"@type\":\"ListItem\",\"position\":3,\"name\":\"BounEstival\"}]},{\"@type\":\"WebSite\",\"@id\":\"https:\/\/villagesdecaractereduvar.fr\/#website\",\"url\":\"https:\/\/villagesdecaractereduvar.fr\/\",\"name\":\"Villages de Caract\u00e8re du Var\",\"description\":\"\",\"publisher\":{\"@id\":\"https:\/\/villagesdecaractereduvar.fr\/#organization\"},\"potentialAction\":[{\"@type\":\"SearchAction\",\"target\":{\"@type\":\"EntryPoint\",\"urlTemplate\":\"https:\/\/villagesdecaractereduvar.fr\/?s={search_term_string}\"},\"query-input\":{\"@type\":\"PropertyValueSpecification\",\"valueRequired\":true,\"valueName\":\"search_term_string\"}}],\"inLanguage\":\"en-US\"},{\"@type\":\"Organization\",\"@id\":\"https:\/\/villagesdecaractereduvar.fr\/#organization\",\"name\":\"Villages de Caract\u00e8re du Var\",\"url\":\"https:\/\/villagesdecaractereduvar.fr\/\",\"logo\":{\"@type\":\"ImageObject\",\"inLanguage\":\"en-US\",\"@id\":\"https:\/\/villagesdecaractereduvar.fr\/#\/schema\/logo\/image\/\",\"url\":\"https:\/\/villagesdecaractereduvar.fr\/wp-content\/uploads\/2016\/07\/vdc83-logo.jpg\",\"contentUrl\":\"https:\/\/villagesdecaractereduvar.fr\/wp-content\/uploads\/2016\/07\/vdc83-logo.jpg\",\"width\":230,\"height\":90,\"caption\":\"Villages de Caract\u00e8re du Var\"},\"image\":{\"@id\":\"https:\/\/villagesdecaractereduvar.fr\/#\/schema\/logo\/image\/\"}}]}<\/script>\n<!-- \/ Yoast SEO plugin. -->","yoast_head_json":{"title":"BounEstival - Villages de Caract\u00e8re du Var","robots":{"index":"index","follow":"follow","max-snippet":"max-snippet:-1","max-image-preview":"max-image-preview:large","max-video-preview":"max-video-preview:-1"},"canonical":"https:\/\/villagesdecaractereduvar.fr\/en\/events\/bounestival-2\/","og_locale":"en_US","og_type":"article","og_title":"BounEstival - Villages de Caract\u00e8re du Var","og_description":"Th\u00e9\u00e2tre de rue, musique, contes, cirque, jeune public, autant de formes artistiques propos\u00e9es dans des lieux insolites devant un public toujours plus nombreux. Boun&#8217;Estival #12 Demandez le programme ! 8 Juin \u2013 Aups...","og_url":"https:\/\/villagesdecaractereduvar.fr\/en\/events\/bounestival-2\/","og_site_name":"Villages de Caract\u00e8re du Var","article_modified_time":"2018-05-29T23:34:24+00:00","twitter_card":"summary_large_image","twitter_misc":{"Est. reading time":"1 minute"},"schema":{"@context":"https:\/\/schema.org","@graph":[{"@type":"WebPage","@id":"https:\/\/villagesdecaractereduvar.fr\/en\/events\/bounestival-2\/","url":"https:\/\/villagesdecaractereduvar.fr\/en\/events\/bounestival-2\/","name":"BounEstival - Villages de Caract\u00e8re du Var","isPartOf":{"@id":"https:\/\/villagesdecaractereduvar.fr\/#website"},"datePublished":"2018-05-24T23:29:19+00:00","dateModified":"2018-05-29T23:34:24+00:00","breadcrumb":{"@id":"https:\/\/villagesdecaractereduvar.fr\/en\/events\/bounestival-2\/#breadcrumb"},"inLanguage":"en-US","potentialAction":[{"@type":"ReadAction","target":["https:\/\/villagesdecaractereduvar.fr\/en\/events\/bounestival-2\/"]}]},{"@type":"BreadcrumbList","@id":"https:\/\/villagesdecaractereduvar.fr\/en\/events\/bounestival-2\/#breadcrumb","itemListElement":[{"@type":"ListItem","position":1,"name":"Accueil","item":"https:\/\/villagesdecaractereduvar.fr\/en\/"},{"@type":"ListItem","position":2,"name":"Agenda","item":"https:\/\/villagesdecaractereduvar.fr\/en\/events\/"},{"@type":"ListItem","position":3,"name":"BounEstival"}]},{"@type":"WebSite","@id":"https:\/\/villagesdecaractereduvar.fr\/#website","url":"https:\/\/villagesdecaractereduvar.fr\/","name":"Villages de Caract\u00e8re du Var","description":"","publisher":{"@id":"https:\/\/villagesdecaractereduvar.fr\/#organization"},"potentialAction":[{"@type":"SearchAction","target":{"@type":"EntryPoint","urlTemplate":"https:\/\/villagesdecaractereduvar.fr\/?s={search_term_string}"},"query-input":{"@type":"PropertyValueSpecification","valueRequired":true,"valueName":"search_term_string"}}],"inLanguage":"en-US"},{"@type":"Organization","@id":"https:\/\/villagesdecaractereduvar.fr\/#organization","name":"Villages de Caract\u00e8re du Var","url":"https:\/\/villagesdecaractereduvar.fr\/","logo":{"@type":"ImageObject","inLanguage":"en-US","@id":"https:\/\/villagesdecaractereduvar.fr\/#\/schema\/logo\/image\/","url":"https:\/\/villagesdecaractereduvar.fr\/wp-content\/uploads\/2016\/07\/vdc83-logo.jpg","contentUrl":"https:\/\/villagesdecaractereduvar.fr\/wp-content\/uploads\/2016\/07\/vdc83-logo.jpg","width":230,"height":90,"caption":"Villages de Caract\u00e8re du Var"},"image":{"@id":"https:\/\/villagesdecaractereduvar.fr\/#\/schema\/logo\/image\/"}}]}},"jetpack_sharing_enabled":true,"_links":{"self":[{"href":"https:\/\/villagesdecaractereduvar.fr\/en\/wp-json\/wp\/v2\/ajde_events\/10297"}],"collection":[{"href":"https:\/\/villagesdecaractereduvar.fr\/en\/wp-json\/wp\/v2\/ajde_events"}],"about":[{"href":"https:\/\/villagesdecaractereduvar.fr\/en\/wp-json\/wp\/v2\/types\/ajde_events"}],"author":[{"embeddable":true,"href":"https:\/\/villagesdecaractereduvar.fr\/en\/wp-json\/wp\/v2\/users\/1"}],"replies":[{"embeddable":true,"href":"https:\/\/villagesdecaractereduvar.fr\/en\/wp-json\/wp\/v2\/comments?post=10297"}],"wp:attachment":[{"href":"https:\/\/villagesdecaractereduvar.fr\/en\/wp-json\/wp\/v2\/media?parent=10297"}],"wp:term":[{"taxonomy":"post_tag","embeddable":true,"href":"https:\/\/villagesdecaractereduvar.fr\/en\/wp-json\/wp\/v2\/tags?post=10297"},{"taxonomy":"event_type","embeddable":true,"href":"https:\/\/villagesdecaractereduvar.fr\/en\/wp-json\/wp\/v2\/event_type?post=10297"},{"taxonomy":"event_type_2","embeddable":true,"href":"https:\/\/villagesdecaractereduvar.fr\/en\/wp-json\/wp\/v2\/event_type_2?post=10297"}],"curies":[{"name":"wp","href":"https:\/\/api.w.org\/{rel}","templated":true}]}}

<p>Théâtre de rue, musique, contes, cirque, jeune public, autant de formes artistiques proposées dans des lieux insolites devant un public toujours plus nombreux.</p>
<p>Boun&#8217;Estival #12<br />
Demandez le programme !</p>
<p>8 Juin – Aups – Boun&#8217; à la rue – à partir de 19h30<br />
Le conte du petit bois pourri &#8211; Cathy Heiting &amp; the Groove Menestrels<br />
Conte musical pour adultes sur l&#8217;amour et l&#8217;intégrité psychique<br />
Be fioul – L&#8217;agonie du palmier<br />
spectacle décalé pour zonards déroutés</p>
<p>9 Juin – Bauduen,village – Boun&#8217; en musique – à partir de 18h<br />
Afrimaye – chants afro-caribéens<br />
Les frères Scopitone – caravane Juk&#8217;box<br />
Coupé Décalé – Cie les Z&#8217;airs en Zik – duo sportif de lancer de couteaux<br />
Valientes Gracias – musique afro-colombienne festive et percutante<br />
Radio Babel Marseille – Groove vocal voyageur<br />
DJ&#8217; Papa Jo&#8217; et sa disco mobile</p>
<p>10 Juin – Bauduen, Bounas – Boun&#8217; en campagne – à partir de 11h<br />
L&#8217;histoire d&#8217;une mouette et du chat qui lui apprit à voler – Cie La Bouillonnante – spectacle jeune public<br />
Les Frères Scopitone – caravane Juk&#8217;box<br />
Coupé Décalé – Cie les Z&#8217;airs en Zik – duo sportif de lancer de couteaux<br />
Babel Buëch Madam&#8217; – Musique inactuelle du monde<br />
L&#8217;Ouscrapo &#8211; OUvroir de SCRAbblologie Poétique<br />
We are Instruments – Cie Décaleou – percussions corporelle<br />
La boum du Boun&#8217; avec Papa Jo&#8217;</p>
<p>Buvette et petite restauration sur place (repas partagé le dimanche)<br />
infos : www.leplancherdeschèvres.fr – 06.79.66.80.06<br />
P.A.F : 10€ vendredi et dimanche / 12€ samedi / 25€ pass festival</p>

<!-- This site is optimized with the Yoast SEO plugin v24.5 - https://yoast.com/wordpress/plugins/seo/ -->
<title>BounEstival - Villages de Caractère du Var</title>
<meta name="robots" content="index, follow, max-snippet:-1, max-image-preview:large, max-video-preview:-1" />
<link rel="canonical" href="https://villagesdecaractereduvar.fr/en/events/bounestival-2/" />
<meta property="og:locale" content="en_US" />
<meta property="og:type" content="article" />
<meta property="og:title" content="BounEstival - Villages de Caractère du Var" />
<meta property="og:description" content="Théâtre de rue, musique, contes, cirque, jeune public, autant de formes artistiques proposées dans des lieux insolites devant un public toujours plus nombreux. Boun&#8217;Estival #12 Demandez le programme ! 8 Juin – Aups..." />
<meta property="og:url" content="https://villagesdecaractereduvar.fr/en/events/bounestival-2/" />
<meta property="og:site_name" content="Villages de Caractère du Var" />
<meta property="article:modified_time" content="2018-05-29T23:34:24+00:00" />
<meta name="twitter:card" content="summary_large_image" />
<meta name="twitter:label1" content="Est. reading time" />
	<meta name="twitter:data1" content="1 minute" />
<script type="application/ld+json" class="yoast-schema-graph">{"@context":"https://schema.org","@graph":[{"@type":"WebPage","@id":"https://villagesdecaractereduvar.fr/en/events/bounestival-2/","url":"https://villagesdecaractereduvar.fr/en/events/bounestival-2/","name":"BounEstival - Villages de Caractère du Var","isPartOf":{"@id":"https://villagesdecaractereduvar.fr/#website"},"datePublished":"2018-05-24T23:29:19+00:00","dateModified":"2018-05-29T23:34:24+00:00","breadcrumb":{"@id":"https://villagesdecaractereduvar.fr/en/events/bounestival-2/#breadcrumb"},"inLanguage":"en-US","potentialAction":[{"@type":"ReadAction","target":["https://villagesdecaractereduvar.fr/en/events/bounestival-2/"]}]},{"@type":"BreadcrumbList","@id":"https://villagesdecaractereduvar.fr/en/events/bounestival-2/#breadcrumb","itemListElement":[{"@type":"ListItem","position":1,"name":"Accueil","item":"https://villagesdecaractereduvar.fr/en/"},{"@type":"ListItem","position":2,"name":"Agenda","item":"https://villagesdecaractereduvar.fr/en/events/"},{"@type":"ListItem","position":3,"name":"BounEstival"}]},{"@type":"WebSite","@id":"https://villagesdecaractereduvar.fr/#website","url":"https://villagesdecaractereduvar.fr/","name":"Villages de Caractère du Var","description":"","publisher":{"@id":"https://villagesdecaractereduvar.fr/#organization"},"potentialAction":[{"@type":"SearchAction","target":{"@type":"EntryPoint","urlTemplate":"https://villagesdecaractereduvar.fr/?s={search_term_string}"},"query-input":{"@type":"PropertyValueSpecification","valueRequired":true,"valueName":"search_term_string"}}],"inLanguage":"en-US"},{"@type":"Organization","@id":"https://villagesdecaractereduvar.fr/#organization","name":"Villages de Caractère du Var","url":"https://villagesdecaractereduvar.fr/","logo":{"@type":"ImageObject","inLanguage":"en-US","@id":"https://villagesdecaractereduvar.fr/#/schema/logo/image/","url":"https://villagesdecaractereduvar.fr/wp-content/uploads/2016/07/vdc83-logo.jpg","contentUrl":"https://villagesdecaractereduvar.fr/wp-content/uploads/2016/07/vdc83-logo.jpg","width":230,"height":90,"caption":"Villages de Caractère du Var"},"image":{"@id":"https://villagesdecaractereduvar.fr/#/schema/logo/image/"}}]}</script>
<!-- / Yoast SEO plugin. -->

BounEstival - Villages de Caractère du Var

Théâtre de rue, musique, contes, cirque, jeune public, autant de formes artistiques proposées dans des lieux insolites devant un public toujours plus nombreux. Boun&#8217;Estival #12 Demandez le programme ! 8 Juin – Aups...

Villages de Caractère du Var
