{"id":10073,"date":"2018-04-26T01:33:45","date_gmt":"2018-04-25T23:33:45","guid":{"rendered":"http:\/\/villagesdecaractereduvar.fr\/events\/les-freres-parish-hip-hop-electro-boucan-clan-2\/"},"modified":"2018-04-27T01:33:10","modified_gmt":"2018-04-26T23:33:10","slug":"les-freres-parish-hip-hop-electro-boucan-clan-2","status":"publish","type":"ajde_events","link":"https:\/\/villagesdecaractereduvar.fr\/en\/events\/les-freres-parish-hip-hop-electro-boucan-clan-2\/","title":{"rendered":"Les Fr\u00e8res Parish (Hip-Hop Electro) + Boucan Clan"},"content":{"rendered":"<p>Oscillant entre instrus old school et beats \u00e9lectro-dancefloor, les MC&#8217;s des Fr\u00e8res parish posent un flow hip hop bard\u00e9 de d\u00e9rision avec une volont\u00e9 de casser les barri\u00e8res du rap conscient. Ils reviennent en 2018 avec un nouvel album, &#8216;Time machine&#8217;. De SF en com\u00e9dies fantastiques, vous serez transport\u00e9s bien loin des turpitudes du monde r\u00e9el, catapult\u00e9s d&#8217;un espace-temps \u00e0 un autre : la machine \u00e0 remonter le temps et les sons des Fr\u00e8res ne cessera de vous bringue-balader d&#8217;intriospection en p\u00e9r\u00e9grinations !<\/p>\n<p>Boucan Clan (Chanson festive)<br \/>\nGroupe bondissant et g\u00e9n\u00e9reux aux prestations sc\u00e9niques \u00e0 l&#8217;\u00e9nergie contagieuse, le Boucan Clan passe au crible les musiques populaires, du ska fr\u00e9n\u00e9tique \u00e0 la chanson po\u00e9tique d\u00e9jant\u00e9e, en passant par le funk gouailleur ou le turbulent rock psych\u00e9d\u00e9lique. Mais c&#8217;est la vibe du reggae qui fait le socle musical du collectif, traversant les pr\u00e9occupations humanistes du groupe dans leur dernier album, &#8216;Le Cirque Noir&#8217;. Horaires : 20h. Contact : Tandem. Organisateur : Association V.A.R (Vide \u00e0 Remplir).<\/p>\n","protected":false},"author":1,"featured_media":0,"menu_order":0,"comment_status":"closed","ping_status":"closed","template":"","meta":[],"tags":[],"event_type":[1441],"event_type_2":[],"yoast_head":"<!-- This site is optimized with the Yoast SEO plugin v24.5 - https:\/\/yoast.com\/wordpress\/plugins\/seo\/ -->\n<title>Les Fr\u00e8res Parish (Hip-Hop Electro) + Boucan Clan - Villages de Caract\u00e8re du Var<\/title>\n<meta name=\"robots\" content=\"index, follow, max-snippet:-1, max-image-preview:large, max-video-preview:-1\" \/>\n<link rel=\"canonical\" href=\"https:\/\/villagesdecaractereduvar.fr\/en\/events\/les-freres-parish-hip-hop-electro-boucan-clan-2\/\" \/>\n<meta property=\"og:locale\" content=\"en_US\" \/>\n<meta property=\"og:type\" content=\"article\" \/>\n<meta property=\"og:title\" content=\"Les Fr\u00e8res Parish (Hip-Hop Electro) + Boucan Clan - Villages de Caract\u00e8re du Var\" \/>\n<meta property=\"og:description\" content=\"Oscillant entre instrus old school et beats \u00e9lectro-dancefloor, les MC&#8217;s des Fr\u00e8res parish posent un flow hip hop bard\u00e9 de d\u00e9rision avec une volont\u00e9 de casser les barri\u00e8res du rap conscient. Ils reviennent...\" \/>\n<meta property=\"og:url\" content=\"https:\/\/villagesdecaractereduvar.fr\/en\/events\/les-freres-parish-hip-hop-electro-boucan-clan-2\/\" \/>\n<meta property=\"og:site_name\" content=\"Villages de Caract\u00e8re du Var\" \/>\n<meta property=\"article:modified_time\" content=\"2018-04-26T23:33:10+00:00\" \/>\n<meta name=\"twitter:card\" content=\"summary_large_image\" \/>\n<meta name=\"twitter:label1\" content=\"Est. reading time\" \/>\n\t<meta name=\"twitter:data1\" content=\"1 minute\" \/>\n<script type=\"application\/ld+json\" class=\"yoast-schema-graph\">{\"@context\":\"https:\/\/schema.org\",\"@graph\":[{\"@type\":\"WebPage\",\"@id\":\"https:\/\/villagesdecaractereduvar.fr\/en\/events\/les-freres-parish-hip-hop-electro-boucan-clan-2\/\",\"url\":\"https:\/\/villagesdecaractereduvar.fr\/en\/events\/les-freres-parish-hip-hop-electro-boucan-clan-2\/\",\"name\":\"Les Fr\u00e8res Parish (Hip-Hop Electro) + Boucan Clan - Villages de Caract\u00e8re du Var\",\"isPartOf\":{\"@id\":\"https:\/\/villagesdecaractereduvar.fr\/#website\"},\"datePublished\":\"2018-04-25T23:33:45+00:00\",\"dateModified\":\"2018-04-26T23:33:10+00:00\",\"breadcrumb\":{\"@id\":\"https:\/\/villagesdecaractereduvar.fr\/en\/events\/les-freres-parish-hip-hop-electro-boucan-clan-2\/#breadcrumb\"},\"inLanguage\":\"en-US\",\"potentialAction\":[{\"@type\":\"ReadAction\",\"target\":[\"https:\/\/villagesdecaractereduvar.fr\/en\/events\/les-freres-parish-hip-hop-electro-boucan-clan-2\/\"]}]},{\"@type\":\"BreadcrumbList\",\"@id\":\"https:\/\/villagesdecaractereduvar.fr\/en\/events\/les-freres-parish-hip-hop-electro-boucan-clan-2\/#breadcrumb\",\"itemListElement\":[{\"@type\":\"ListItem\",\"position\":1,\"name\":\"Accueil\",\"item\":\"https:\/\/villagesdecaractereduvar.fr\/en\/\"},{\"@type\":\"ListItem\",\"position\":2,\"name\":\"Agenda\",\"item\":\"https:\/\/villagesdecaractereduvar.fr\/en\/events\/\"},{\"@type\":\"ListItem\",\"position\":3,\"name\":\"Les Fr\u00e8res Parish (Hip-Hop Electro) + Boucan Clan\"}]},{\"@type\":\"WebSite\",\"@id\":\"https:\/\/villagesdecaractereduvar.fr\/#website\",\"url\":\"https:\/\/villagesdecaractereduvar.fr\/\",\"name\":\"Villages de Caract\u00e8re du Var\",\"description\":\"\",\"publisher\":{\"@id\":\"https:\/\/villagesdecaractereduvar.fr\/#organization\"},\"potentialAction\":[{\"@type\":\"SearchAction\",\"target\":{\"@type\":\"EntryPoint\",\"urlTemplate\":\"https:\/\/villagesdecaractereduvar.fr\/?s={search_term_string}\"},\"query-input\":{\"@type\":\"PropertyValueSpecification\",\"valueRequired\":true,\"valueName\":\"search_term_string\"}}],\"inLanguage\":\"en-US\"},{\"@type\":\"Organization\",\"@id\":\"https:\/\/villagesdecaractereduvar.fr\/#organization\",\"name\":\"Villages de Caract\u00e8re du Var\",\"url\":\"https:\/\/villagesdecaractereduvar.fr\/\",\"logo\":{\"@type\":\"ImageObject\",\"inLanguage\":\"en-US\",\"@id\":\"https:\/\/villagesdecaractereduvar.fr\/#\/schema\/logo\/image\/\",\"url\":\"https:\/\/villagesdecaractereduvar.fr\/wp-content\/uploads\/2016\/07\/vdc83-logo.jpg\",\"contentUrl\":\"https:\/\/villagesdecaractereduvar.fr\/wp-content\/uploads\/2016\/07\/vdc83-logo.jpg\",\"width\":230,\"height\":90,\"caption\":\"Villages de Caract\u00e8re du Var\"},\"image\":{\"@id\":\"https:\/\/villagesdecaractereduvar.fr\/#\/schema\/logo\/image\/\"}}]}<\/script>\n<!-- \/ Yoast SEO plugin. -->","yoast_head_json":{"title":"Les Fr\u00e8res Parish (Hip-Hop Electro) + Boucan Clan - Villages de Caract\u00e8re du Var","robots":{"index":"index","follow":"follow","max-snippet":"max-snippet:-1","max-image-preview":"max-image-preview:large","max-video-preview":"max-video-preview:-1"},"canonical":"https:\/\/villagesdecaractereduvar.fr\/en\/events\/les-freres-parish-hip-hop-electro-boucan-clan-2\/","og_locale":"en_US","og_type":"article","og_title":"Les Fr\u00e8res Parish (Hip-Hop Electro) + Boucan Clan - Villages de Caract\u00e8re du Var","og_description":"Oscillant entre instrus old school et beats \u00e9lectro-dancefloor, les MC&#8217;s des Fr\u00e8res parish posent un flow hip hop bard\u00e9 de d\u00e9rision avec une volont\u00e9 de casser les barri\u00e8res du rap conscient. Ils reviennent...","og_url":"https:\/\/villagesdecaractereduvar.fr\/en\/events\/les-freres-parish-hip-hop-electro-boucan-clan-2\/","og_site_name":"Villages de Caract\u00e8re du Var","article_modified_time":"2018-04-26T23:33:10+00:00","twitter_card":"summary_large_image","twitter_misc":{"Est. reading time":"1 minute"},"schema":{"@context":"https:\/\/schema.org","@graph":[{"@type":"WebPage","@id":"https:\/\/villagesdecaractereduvar.fr\/en\/events\/les-freres-parish-hip-hop-electro-boucan-clan-2\/","url":"https:\/\/villagesdecaractereduvar.fr\/en\/events\/les-freres-parish-hip-hop-electro-boucan-clan-2\/","name":"Les Fr\u00e8res Parish (Hip-Hop Electro) + Boucan Clan - Villages de Caract\u00e8re du Var","isPartOf":{"@id":"https:\/\/villagesdecaractereduvar.fr\/#website"},"datePublished":"2018-04-25T23:33:45+00:00","dateModified":"2018-04-26T23:33:10+00:00","breadcrumb":{"@id":"https:\/\/villagesdecaractereduvar.fr\/en\/events\/les-freres-parish-hip-hop-electro-boucan-clan-2\/#breadcrumb"},"inLanguage":"en-US","potentialAction":[{"@type":"ReadAction","target":["https:\/\/villagesdecaractereduvar.fr\/en\/events\/les-freres-parish-hip-hop-electro-boucan-clan-2\/"]}]},{"@type":"BreadcrumbList","@id":"https:\/\/villagesdecaractereduvar.fr\/en\/events\/les-freres-parish-hip-hop-electro-boucan-clan-2\/#breadcrumb","itemListElement":[{"@type":"ListItem","position":1,"name":"Accueil","item":"https:\/\/villagesdecaractereduvar.fr\/en\/"},{"@type":"ListItem","position":2,"name":"Agenda","item":"https:\/\/villagesdecaractereduvar.fr\/en\/events\/"},{"@type":"ListItem","position":3,"name":"Les Fr\u00e8res Parish (Hip-Hop Electro) + Boucan Clan"}]},{"@type":"WebSite","@id":"https:\/\/villagesdecaractereduvar.fr\/#website","url":"https:\/\/villagesdecaractereduvar.fr\/","name":"Villages de Caract\u00e8re du Var","description":"","publisher":{"@id":"https:\/\/villagesdecaractereduvar.fr\/#organization"},"potentialAction":[{"@type":"SearchAction","target":{"@type":"EntryPoint","urlTemplate":"https:\/\/villagesdecaractereduvar.fr\/?s={search_term_string}"},"query-input":{"@type":"PropertyValueSpecification","valueRequired":true,"valueName":"search_term_string"}}],"inLanguage":"en-US"},{"@type":"Organization","@id":"https:\/\/villagesdecaractereduvar.fr\/#organization","name":"Villages de Caract\u00e8re du Var","url":"https:\/\/villagesdecaractereduvar.fr\/","logo":{"@type":"ImageObject","inLanguage":"en-US","@id":"https:\/\/villagesdecaractereduvar.fr\/#\/schema\/logo\/image\/","url":"https:\/\/villagesdecaractereduvar.fr\/wp-content\/uploads\/2016\/07\/vdc83-logo.jpg","contentUrl":"https:\/\/villagesdecaractereduvar.fr\/wp-content\/uploads\/2016\/07\/vdc83-logo.jpg","width":230,"height":90,"caption":"Villages de Caract\u00e8re du Var"},"image":{"@id":"https:\/\/villagesdecaractereduvar.fr\/#\/schema\/logo\/image\/"}}]}},"jetpack_sharing_enabled":true,"_links":{"self":[{"href":"https:\/\/villagesdecaractereduvar.fr\/en\/wp-json\/wp\/v2\/ajde_events\/10073"}],"collection":[{"href":"https:\/\/villagesdecaractereduvar.fr\/en\/wp-json\/wp\/v2\/ajde_events"}],"about":[{"href":"https:\/\/villagesdecaractereduvar.fr\/en\/wp-json\/wp\/v2\/types\/ajde_events"}],"author":[{"embeddable":true,"href":"https:\/\/villagesdecaractereduvar.fr\/en\/wp-json\/wp\/v2\/users\/1"}],"replies":[{"embeddable":true,"href":"https:\/\/villagesdecaractereduvar.fr\/en\/wp-json\/wp\/v2\/comments?post=10073"}],"wp:attachment":[{"href":"https:\/\/villagesdecaractereduvar.fr\/en\/wp-json\/wp\/v2\/media?parent=10073"}],"wp:term":[{"taxonomy":"post_tag","embeddable":true,"href":"https:\/\/villagesdecaractereduvar.fr\/en\/wp-json\/wp\/v2\/tags?post=10073"},{"taxonomy":"event_type","embeddable":true,"href":"https:\/\/villagesdecaractereduvar.fr\/en\/wp-json\/wp\/v2\/event_type?post=10073"},{"taxonomy":"event_type_2","embeddable":true,"href":"https:\/\/villagesdecaractereduvar.fr\/en\/wp-json\/wp\/v2\/event_type_2?post=10073"}],"curies":[{"name":"wp","href":"https:\/\/api.w.org\/{rel}","templated":true}]}}

Les Frères Parish (Hip-Hop Electro) + Boucan Clan

<p>Oscillant entre instrus old school et beats électro-dancefloor, les MC&#8217;s des Frères parish posent un flow hip hop bardé de dérision avec une volonté de casser les barrières du rap conscient. Ils reviennent en 2018 avec un nouvel album, &#8216;Time machine&#8217;. De SF en comédies fantastiques, vous serez transportés bien loin des turpitudes du monde réel, catapultés d&#8217;un espace-temps à un autre : la machine à remonter le temps et les sons des Frères ne cessera de vous bringue-balader d&#8217;intriospection en pérégrinations !</p>
<p>Boucan Clan (Chanson festive)<br />
Groupe bondissant et généreux aux prestations scéniques à l&#8217;énergie contagieuse, le Boucan Clan passe au crible les musiques populaires, du ska frénétique à la chanson poétique déjantée, en passant par le funk gouailleur ou le turbulent rock psychédélique. Mais c&#8217;est la vibe du reggae qui fait le socle musical du collectif, traversant les préoccupations humanistes du groupe dans leur dernier album, &#8216;Le Cirque Noir&#8217;. Horaires : 20h. Contact : Tandem. Organisateur : Association V.A.R (Vide à Remplir).</p>

<!-- This site is optimized with the Yoast SEO plugin v24.5 - https://yoast.com/wordpress/plugins/seo/ -->
<title>Les Frères Parish (Hip-Hop Electro) + Boucan Clan - Villages de Caractère du Var</title>
<meta name="robots" content="index, follow, max-snippet:-1, max-image-preview:large, max-video-preview:-1" />
<link rel="canonical" href="https://villagesdecaractereduvar.fr/en/events/les-freres-parish-hip-hop-electro-boucan-clan-2/" />
<meta property="og:locale" content="en_US" />
<meta property="og:type" content="article" />
<meta property="og:title" content="Les Frères Parish (Hip-Hop Electro) + Boucan Clan - Villages de Caractère du Var" />
<meta property="og:description" content="Oscillant entre instrus old school et beats électro-dancefloor, les MC&#8217;s des Frères parish posent un flow hip hop bardé de dérision avec une volonté de casser les barrières du rap conscient. Ils reviennent..." />
<meta property="og:url" content="https://villagesdecaractereduvar.fr/en/events/les-freres-parish-hip-hop-electro-boucan-clan-2/" />
<meta property="og:site_name" content="Villages de Caractère du Var" />
<meta property="article:modified_time" content="2018-04-26T23:33:10+00:00" />
<meta name="twitter:card" content="summary_large_image" />
<meta name="twitter:label1" content="Est. reading time" />
	<meta name="twitter:data1" content="1 minute" />
<script type="application/ld+json" class="yoast-schema-graph">{"@context":"https://schema.org","@graph":[{"@type":"WebPage","@id":"https://villagesdecaractereduvar.fr/en/events/les-freres-parish-hip-hop-electro-boucan-clan-2/","url":"https://villagesdecaractereduvar.fr/en/events/les-freres-parish-hip-hop-electro-boucan-clan-2/","name":"Les Frères Parish (Hip-Hop Electro) + Boucan Clan - Villages de Caractère du Var","isPartOf":{"@id":"https://villagesdecaractereduvar.fr/#website"},"datePublished":"2018-04-25T23:33:45+00:00","dateModified":"2018-04-26T23:33:10+00:00","breadcrumb":{"@id":"https://villagesdecaractereduvar.fr/en/events/les-freres-parish-hip-hop-electro-boucan-clan-2/#breadcrumb"},"inLanguage":"en-US","potentialAction":[{"@type":"ReadAction","target":["https://villagesdecaractereduvar.fr/en/events/les-freres-parish-hip-hop-electro-boucan-clan-2/"]}]},{"@type":"BreadcrumbList","@id":"https://villagesdecaractereduvar.fr/en/events/les-freres-parish-hip-hop-electro-boucan-clan-2/#breadcrumb","itemListElement":[{"@type":"ListItem","position":1,"name":"Accueil","item":"https://villagesdecaractereduvar.fr/en/"},{"@type":"ListItem","position":2,"name":"Agenda","item":"https://villagesdecaractereduvar.fr/en/events/"},{"@type":"ListItem","position":3,"name":"Les Frères Parish (Hip-Hop Electro) + Boucan Clan"}]},{"@type":"WebSite","@id":"https://villagesdecaractereduvar.fr/#website","url":"https://villagesdecaractereduvar.fr/","name":"Villages de Caractère du Var","description":"","publisher":{"@id":"https://villagesdecaractereduvar.fr/#organization"},"potentialAction":[{"@type":"SearchAction","target":{"@type":"EntryPoint","urlTemplate":"https://villagesdecaractereduvar.fr/?s={search_term_string}"},"query-input":{"@type":"PropertyValueSpecification","valueRequired":true,"valueName":"search_term_string"}}],"inLanguage":"en-US"},{"@type":"Organization","@id":"https://villagesdecaractereduvar.fr/#organization","name":"Villages de Caractère du Var","url":"https://villagesdecaractereduvar.fr/","logo":{"@type":"ImageObject","inLanguage":"en-US","@id":"https://villagesdecaractereduvar.fr/#/schema/logo/image/","url":"https://villagesdecaractereduvar.fr/wp-content/uploads/2016/07/vdc83-logo.jpg","contentUrl":"https://villagesdecaractereduvar.fr/wp-content/uploads/2016/07/vdc83-logo.jpg","width":230,"height":90,"caption":"Villages de Caractère du Var"},"image":{"@id":"https://villagesdecaractereduvar.fr/#/schema/logo/image/"}}]}</script>
<!-- / Yoast SEO plugin. -->

Les Frères Parish (Hip-Hop Electro) + Boucan Clan - Villages de Caractère du Var

Oscillant entre instrus old school et beats électro-dancefloor, les MC&#8217;s des Frères parish posent un flow hip hop bardé de dérision avec une volonté de casser les barrières du rap conscient. Ils reviennent...

Villages de Caractère du Var
