{"id":10069,"date":"2018-04-26T01:31:31","date_gmt":"2018-04-25T23:31:31","guid":{"rendered":"http:\/\/villagesdecaractereduvar.fr\/events\/exposition-de-peinture-pastore-2\/"},"modified":"2018-05-09T01:38:32","modified_gmt":"2018-05-08T23:38:32","slug":"exposition-de-peinture-pastore-2","status":"publish","type":"ajde_events","link":"https:\/\/villagesdecaractereduvar.fr\/en\/events\/exposition-de-peinture-pastore-2\/","title":{"rendered":"Exposition de peinture &#8216;Pastore&#8217;"},"content":{"rendered":"<p>Ce peintre figuratif, amoureux de la Camargue, est le peintre des cavalcades mais croque avec la m\u00eame fougue, en quelques coups de spatule, les personnages et les pointus du vieux port de Marseille ou les ruelles des villages de Provence.<\/p>\n<p>La couleur il la savoure! L&#8217;aventure commence d\u00e8s les pigments de roches qu&#8217;il pr\u00e9pare en poudre fine. La p\u00e2te s&#8217;\u00e9tale ensuite sous le couteau, les glacis suivent au pinceau et entrainent les ombres qui m\u00e9nagent le retour du couteau dans un ultime passage ensoleill\u00e9? Des contrastes forts, \u00e0 la douceur tonale de certaines plages de couleurs, se d\u00e9gage une sensibilit\u00e9 particuli\u00e8re, une force contenue, d\u00e9licate souvent. Poss\u00e9dant un sens aigu de la structure, il agence ses cr\u00e9ations avec \u00e9quilibre et puissance.<\/p>\n<p>Jean Pastore a su, dans la grande farandole picturale, trouver sa griffe, son \u00e9criture et une expression comparable \u00e0 nulle autre qui font de lui l&#8217;un des chantres de la Provence. Il s&#8217;inscrit ind\u00e9niablement dans la tradition de l&#8217;\u00e9cole Proven\u00e7ale, comme t\u00e9moin de son \u00e9poque.<\/p>\n<p>Quel que soit le motif peint, chaque \u009cuvre vit et vibre, chaque toile diffuse du bonheur, celui d&#8217;un po\u00e8te, d&#8217;un artiste vrai, d&#8217;un homme de c\u009cur&#8230; Contact : Office de tourisme de Cotignac.<\/p>\n","protected":false},"author":1,"featured_media":0,"menu_order":0,"comment_status":"closed","ping_status":"closed","template":"","meta":[],"tags":[],"event_type":[821],"event_type_2":[],"yoast_head":"<!-- This site is optimized with the Yoast SEO plugin v24.5 - https:\/\/yoast.com\/wordpress\/plugins\/seo\/ -->\n<title>Exposition de peinture &#039;Pastore&#039; - Villages de Caract\u00e8re du Var<\/title>\n<meta name=\"robots\" content=\"index, follow, max-snippet:-1, max-image-preview:large, max-video-preview:-1\" \/>\n<link rel=\"canonical\" href=\"https:\/\/villagesdecaractereduvar.fr\/en\/events\/exposition-de-peinture-pastore-2\/\" \/>\n<meta property=\"og:locale\" content=\"en_US\" \/>\n<meta property=\"og:type\" content=\"article\" \/>\n<meta property=\"og:title\" content=\"Exposition de peinture &#039;Pastore&#039; - Villages de Caract\u00e8re du Var\" \/>\n<meta property=\"og:description\" content=\"Ce peintre figuratif, amoureux de la Camargue, est le peintre des cavalcades mais croque avec la m\u00eame fougue, en quelques coups de spatule, les personnages et les pointus du vieux port de Marseille...\" \/>\n<meta property=\"og:url\" content=\"https:\/\/villagesdecaractereduvar.fr\/en\/events\/exposition-de-peinture-pastore-2\/\" \/>\n<meta property=\"og:site_name\" content=\"Villages de Caract\u00e8re du Var\" \/>\n<meta property=\"article:modified_time\" content=\"2018-05-08T23:38:32+00:00\" \/>\n<meta name=\"twitter:card\" content=\"summary_large_image\" \/>\n<meta name=\"twitter:label1\" content=\"Est. reading time\" \/>\n\t<meta name=\"twitter:data1\" content=\"1 minute\" \/>\n<script type=\"application\/ld+json\" class=\"yoast-schema-graph\">{\"@context\":\"https:\/\/schema.org\",\"@graph\":[{\"@type\":\"WebPage\",\"@id\":\"https:\/\/villagesdecaractereduvar.fr\/en\/events\/exposition-de-peinture-pastore-2\/\",\"url\":\"https:\/\/villagesdecaractereduvar.fr\/en\/events\/exposition-de-peinture-pastore-2\/\",\"name\":\"Exposition de peinture 'Pastore' - Villages de Caract\u00e8re du Var\",\"isPartOf\":{\"@id\":\"https:\/\/villagesdecaractereduvar.fr\/#website\"},\"datePublished\":\"2018-04-25T23:31:31+00:00\",\"dateModified\":\"2018-05-08T23:38:32+00:00\",\"breadcrumb\":{\"@id\":\"https:\/\/villagesdecaractereduvar.fr\/en\/events\/exposition-de-peinture-pastore-2\/#breadcrumb\"},\"inLanguage\":\"en-US\",\"potentialAction\":[{\"@type\":\"ReadAction\",\"target\":[\"https:\/\/villagesdecaractereduvar.fr\/en\/events\/exposition-de-peinture-pastore-2\/\"]}]},{\"@type\":\"BreadcrumbList\",\"@id\":\"https:\/\/villagesdecaractereduvar.fr\/en\/events\/exposition-de-peinture-pastore-2\/#breadcrumb\",\"itemListElement\":[{\"@type\":\"ListItem\",\"position\":1,\"name\":\"Accueil\",\"item\":\"https:\/\/villagesdecaractereduvar.fr\/en\/\"},{\"@type\":\"ListItem\",\"position\":2,\"name\":\"Agenda\",\"item\":\"https:\/\/villagesdecaractereduvar.fr\/en\/events\/\"},{\"@type\":\"ListItem\",\"position\":3,\"name\":\"Exposition de peinture &lsquo;Pastore&rsquo;\"}]},{\"@type\":\"WebSite\",\"@id\":\"https:\/\/villagesdecaractereduvar.fr\/#website\",\"url\":\"https:\/\/villagesdecaractereduvar.fr\/\",\"name\":\"Villages de Caract\u00e8re du Var\",\"description\":\"\",\"publisher\":{\"@id\":\"https:\/\/villagesdecaractereduvar.fr\/#organization\"},\"potentialAction\":[{\"@type\":\"SearchAction\",\"target\":{\"@type\":\"EntryPoint\",\"urlTemplate\":\"https:\/\/villagesdecaractereduvar.fr\/?s={search_term_string}\"},\"query-input\":{\"@type\":\"PropertyValueSpecification\",\"valueRequired\":true,\"valueName\":\"search_term_string\"}}],\"inLanguage\":\"en-US\"},{\"@type\":\"Organization\",\"@id\":\"https:\/\/villagesdecaractereduvar.fr\/#organization\",\"name\":\"Villages de Caract\u00e8re du Var\",\"url\":\"https:\/\/villagesdecaractereduvar.fr\/\",\"logo\":{\"@type\":\"ImageObject\",\"inLanguage\":\"en-US\",\"@id\":\"https:\/\/villagesdecaractereduvar.fr\/#\/schema\/logo\/image\/\",\"url\":\"https:\/\/villagesdecaractereduvar.fr\/wp-content\/uploads\/2016\/07\/vdc83-logo.jpg\",\"contentUrl\":\"https:\/\/villagesdecaractereduvar.fr\/wp-content\/uploads\/2016\/07\/vdc83-logo.jpg\",\"width\":230,\"height\":90,\"caption\":\"Villages de Caract\u00e8re du Var\"},\"image\":{\"@id\":\"https:\/\/villagesdecaractereduvar.fr\/#\/schema\/logo\/image\/\"}}]}<\/script>\n<!-- \/ Yoast SEO plugin. -->","yoast_head_json":{"title":"Exposition de peinture 'Pastore' - Villages de Caract\u00e8re du Var","robots":{"index":"index","follow":"follow","max-snippet":"max-snippet:-1","max-image-preview":"max-image-preview:large","max-video-preview":"max-video-preview:-1"},"canonical":"https:\/\/villagesdecaractereduvar.fr\/en\/events\/exposition-de-peinture-pastore-2\/","og_locale":"en_US","og_type":"article","og_title":"Exposition de peinture 'Pastore' - Villages de Caract\u00e8re du Var","og_description":"Ce peintre figuratif, amoureux de la Camargue, est le peintre des cavalcades mais croque avec la m\u00eame fougue, en quelques coups de spatule, les personnages et les pointus du vieux port de Marseille...","og_url":"https:\/\/villagesdecaractereduvar.fr\/en\/events\/exposition-de-peinture-pastore-2\/","og_site_name":"Villages de Caract\u00e8re du Var","article_modified_time":"2018-05-08T23:38:32+00:00","twitter_card":"summary_large_image","twitter_misc":{"Est. reading time":"1 minute"},"schema":{"@context":"https:\/\/schema.org","@graph":[{"@type":"WebPage","@id":"https:\/\/villagesdecaractereduvar.fr\/en\/events\/exposition-de-peinture-pastore-2\/","url":"https:\/\/villagesdecaractereduvar.fr\/en\/events\/exposition-de-peinture-pastore-2\/","name":"Exposition de peinture 'Pastore' - Villages de Caract\u00e8re du Var","isPartOf":{"@id":"https:\/\/villagesdecaractereduvar.fr\/#website"},"datePublished":"2018-04-25T23:31:31+00:00","dateModified":"2018-05-08T23:38:32+00:00","breadcrumb":{"@id":"https:\/\/villagesdecaractereduvar.fr\/en\/events\/exposition-de-peinture-pastore-2\/#breadcrumb"},"inLanguage":"en-US","potentialAction":[{"@type":"ReadAction","target":["https:\/\/villagesdecaractereduvar.fr\/en\/events\/exposition-de-peinture-pastore-2\/"]}]},{"@type":"BreadcrumbList","@id":"https:\/\/villagesdecaractereduvar.fr\/en\/events\/exposition-de-peinture-pastore-2\/#breadcrumb","itemListElement":[{"@type":"ListItem","position":1,"name":"Accueil","item":"https:\/\/villagesdecaractereduvar.fr\/en\/"},{"@type":"ListItem","position":2,"name":"Agenda","item":"https:\/\/villagesdecaractereduvar.fr\/en\/events\/"},{"@type":"ListItem","position":3,"name":"Exposition de peinture &lsquo;Pastore&rsquo;"}]},{"@type":"WebSite","@id":"https:\/\/villagesdecaractereduvar.fr\/#website","url":"https:\/\/villagesdecaractereduvar.fr\/","name":"Villages de Caract\u00e8re du Var","description":"","publisher":{"@id":"https:\/\/villagesdecaractereduvar.fr\/#organization"},"potentialAction":[{"@type":"SearchAction","target":{"@type":"EntryPoint","urlTemplate":"https:\/\/villagesdecaractereduvar.fr\/?s={search_term_string}"},"query-input":{"@type":"PropertyValueSpecification","valueRequired":true,"valueName":"search_term_string"}}],"inLanguage":"en-US"},{"@type":"Organization","@id":"https:\/\/villagesdecaractereduvar.fr\/#organization","name":"Villages de Caract\u00e8re du Var","url":"https:\/\/villagesdecaractereduvar.fr\/","logo":{"@type":"ImageObject","inLanguage":"en-US","@id":"https:\/\/villagesdecaractereduvar.fr\/#\/schema\/logo\/image\/","url":"https:\/\/villagesdecaractereduvar.fr\/wp-content\/uploads\/2016\/07\/vdc83-logo.jpg","contentUrl":"https:\/\/villagesdecaractereduvar.fr\/wp-content\/uploads\/2016\/07\/vdc83-logo.jpg","width":230,"height":90,"caption":"Villages de Caract\u00e8re du Var"},"image":{"@id":"https:\/\/villagesdecaractereduvar.fr\/#\/schema\/logo\/image\/"}}]}},"jetpack_sharing_enabled":true,"_links":{"self":[{"href":"https:\/\/villagesdecaractereduvar.fr\/en\/wp-json\/wp\/v2\/ajde_events\/10069"}],"collection":[{"href":"https:\/\/villagesdecaractereduvar.fr\/en\/wp-json\/wp\/v2\/ajde_events"}],"about":[{"href":"https:\/\/villagesdecaractereduvar.fr\/en\/wp-json\/wp\/v2\/types\/ajde_events"}],"author":[{"embeddable":true,"href":"https:\/\/villagesdecaractereduvar.fr\/en\/wp-json\/wp\/v2\/users\/1"}],"replies":[{"embeddable":true,"href":"https:\/\/villagesdecaractereduvar.fr\/en\/wp-json\/wp\/v2\/comments?post=10069"}],"wp:attachment":[{"href":"https:\/\/villagesdecaractereduvar.fr\/en\/wp-json\/wp\/v2\/media?parent=10069"}],"wp:term":[{"taxonomy":"post_tag","embeddable":true,"href":"https:\/\/villagesdecaractereduvar.fr\/en\/wp-json\/wp\/v2\/tags?post=10069"},{"taxonomy":"event_type","embeddable":true,"href":"https:\/\/villagesdecaractereduvar.fr\/en\/wp-json\/wp\/v2\/event_type?post=10069"},{"taxonomy":"event_type_2","embeddable":true,"href":"https:\/\/villagesdecaractereduvar.fr\/en\/wp-json\/wp\/v2\/event_type_2?post=10069"}],"curies":[{"name":"wp","href":"https:\/\/api.w.org\/{rel}","templated":true}]}}

<p>Ce peintre figuratif, amoureux de la Camargue, est le peintre des cavalcades mais croque avec la même fougue, en quelques coups de spatule, les personnages et les pointus du vieux port de Marseille ou les ruelles des villages de Provence.</p>
<p>La couleur il la savoure! L&#8217;aventure commence dès les pigments de roches qu&#8217;il prépare en poudre fine. La pâte s&#8217;étale ensuite sous le couteau, les glacis suivent au pinceau et entrainent les ombres qui ménagent le retour du couteau dans un ultime passage ensoleillé? Des contrastes forts, à la douceur tonale de certaines plages de couleurs, se dégage une sensibilité particulière, une force contenue, délicate souvent. Possédant un sens aigu de la structure, il agence ses créations avec équilibre et puissance.</p>
<p>Jean Pastore a su, dans la grande farandole picturale, trouver sa griffe, son écriture et une expression comparable à nulle autre qui font de lui l&#8217;un des chantres de la Provence. Il s&#8217;inscrit indéniablement dans la tradition de l&#8217;école Provençale, comme témoin de son époque.</p>
<p>Quel que soit le motif peint, chaque uvre vit et vibre, chaque toile diffuse du bonheur, celui d&#8217;un poète, d&#8217;un artiste vrai, d&#8217;un homme de cur&#8230; Contact : Office de tourisme de Cotignac.</p>

<!-- This site is optimized with the Yoast SEO plugin v24.5 - https://yoast.com/wordpress/plugins/seo/ -->
<title>Exposition de peinture &#039;Pastore&#039; - Villages de Caractère du Var</title>
<meta name="robots" content="index, follow, max-snippet:-1, max-image-preview:large, max-video-preview:-1" />
<link rel="canonical" href="https://villagesdecaractereduvar.fr/en/events/exposition-de-peinture-pastore-2/" />
<meta property="og:locale" content="en_US" />
<meta property="og:type" content="article" />
<meta property="og:title" content="Exposition de peinture &#039;Pastore&#039; - Villages de Caractère du Var" />
<meta property="og:description" content="Ce peintre figuratif, amoureux de la Camargue, est le peintre des cavalcades mais croque avec la même fougue, en quelques coups de spatule, les personnages et les pointus du vieux port de Marseille..." />
<meta property="og:url" content="https://villagesdecaractereduvar.fr/en/events/exposition-de-peinture-pastore-2/" />
<meta property="og:site_name" content="Villages de Caractère du Var" />
<meta property="article:modified_time" content="2018-05-08T23:38:32+00:00" />
<meta name="twitter:card" content="summary_large_image" />
<meta name="twitter:label1" content="Est. reading time" />
	<meta name="twitter:data1" content="1 minute" />
<script type="application/ld+json" class="yoast-schema-graph">{"@context":"https://schema.org","@graph":[{"@type":"WebPage","@id":"https://villagesdecaractereduvar.fr/en/events/exposition-de-peinture-pastore-2/","url":"https://villagesdecaractereduvar.fr/en/events/exposition-de-peinture-pastore-2/","name":"Exposition de peinture 'Pastore' - Villages de Caractère du Var","isPartOf":{"@id":"https://villagesdecaractereduvar.fr/#website"},"datePublished":"2018-04-25T23:31:31+00:00","dateModified":"2018-05-08T23:38:32+00:00","breadcrumb":{"@id":"https://villagesdecaractereduvar.fr/en/events/exposition-de-peinture-pastore-2/#breadcrumb"},"inLanguage":"en-US","potentialAction":[{"@type":"ReadAction","target":["https://villagesdecaractereduvar.fr/en/events/exposition-de-peinture-pastore-2/"]}]},{"@type":"BreadcrumbList","@id":"https://villagesdecaractereduvar.fr/en/events/exposition-de-peinture-pastore-2/#breadcrumb","itemListElement":[{"@type":"ListItem","position":1,"name":"Accueil","item":"https://villagesdecaractereduvar.fr/en/"},{"@type":"ListItem","position":2,"name":"Agenda","item":"https://villagesdecaractereduvar.fr/en/events/"},{"@type":"ListItem","position":3,"name":"Exposition de peinture &lsquo;Pastore&rsquo;"}]},{"@type":"WebSite","@id":"https://villagesdecaractereduvar.fr/#website","url":"https://villagesdecaractereduvar.fr/","name":"Villages de Caractère du Var","description":"","publisher":{"@id":"https://villagesdecaractereduvar.fr/#organization"},"potentialAction":[{"@type":"SearchAction","target":{"@type":"EntryPoint","urlTemplate":"https://villagesdecaractereduvar.fr/?s={search_term_string}"},"query-input":{"@type":"PropertyValueSpecification","valueRequired":true,"valueName":"search_term_string"}}],"inLanguage":"en-US"},{"@type":"Organization","@id":"https://villagesdecaractereduvar.fr/#organization","name":"Villages de Caractère du Var","url":"https://villagesdecaractereduvar.fr/","logo":{"@type":"ImageObject","inLanguage":"en-US","@id":"https://villagesdecaractereduvar.fr/#/schema/logo/image/","url":"https://villagesdecaractereduvar.fr/wp-content/uploads/2016/07/vdc83-logo.jpg","contentUrl":"https://villagesdecaractereduvar.fr/wp-content/uploads/2016/07/vdc83-logo.jpg","width":230,"height":90,"caption":"Villages de Caractère du Var"},"image":{"@id":"https://villagesdecaractereduvar.fr/#/schema/logo/image/"}}]}</script>
<!-- / Yoast SEO plugin. -->

Exposition de peinture 'Pastore' - Villages de Caractère du Var

Ce peintre figuratif, amoureux de la Camargue, est le peintre des cavalcades mais croque avec la même fougue, en quelques coups de spatule, les personnages et les pointus du vieux port de Marseille...

Villages de Caractère du Var
